r?
True
Is 2593387033 composite?
True
Is 3448802821 prime?
True
Is 859267307 prime?
True
Is 9559699117 composite?
False
Is 121238000827 a composite number?
True
Is 27067894457 prime?
False
Is 24272879383 a prime number?
False
Is 11484074463 composite?
True
Is 24210202547 composite?
True
Is 28509781919 a composite number?
True
Is 105123506689 a prime number?
False
Is 6187043789 a composite number?
True
Is 3292868811 prime?
False
Is 338130203 a composite number?
False
Is 932027594 composite?
True
Is 9328738061 prime?
False
Is 7937803439 prime?
True
Is 436056121 a prime number?
False
Is 3137962055 composite?
True
Is 8533357367 composite?
False
Is 217876297 a composite number?
False
Is 22872917 composite?
True
Is 19483353637 prime?
False
Is 60905792377 a prime number?
True
Is 205477485739 a composite number?
False
Is 657237157 prime?
False
Is 1988570147 prime?
True
Is 27161276767 prime?
False
Is 63854223709 a prime number?
True
Is 281825777 a prime number?
True
Is 24633920891 composite?
False
Is 53250506863 a prime number?
True
Is 18006763097 prime?
False
Is 17366437573 composite?
False
Is 40582290521 prime?
True
Is 35056467454 composite?
True
Is 6741252481 a composite number?
True
Is 16341687706 a prime number?
False
Is 57388518469 composite?
True
Is 8963170517 a composite number?
True
Is 1426058147 a prime number?
False
Is 3163457797 a prime number?
True
Is 622902829 a prime number?
True
Is 240672491 composite?
False
Is 2177906449 a prime number?
False
Is 16688925269 a composite number?
False
Is 3193695741 a prime number?
False
Is 208598846437 a prime number?
True
Is 3759269533 prime?
True
Is 1294140709 a prime number?
True
Is 45188903 prime?
True
Is 221935429 a composite number?
True
Is 590838149 a composite number?
True
Is 12107806621 a prime number?
False
Is 9247770439 prime?
False
Is 1634667887 a composite number?
True
Is 4106331863 a prime number?
True
Is 3920045117 prime?
True
Is 2837648441 prime?
True
Is 658087943 a prime number?
False
Is 1008020443 a prime number?
False
Is 122537801 composite?
False
Is 2600043301 composite?
True
Is 183669 prime?
False
Is 678663833 a prime number?
True
Is 476761622 prime?
False
Is 5264898409 a composite number?
True
Is 67379023109 a prime number?
False
Is 577818643 prime?
True
Is 1835978945 a composite number?
True
Is 13876237399 prime?
True
Is 3307573231 a prime number?
True
Is 11448034747 a prime number?
False
Is 13085484721 prime?
True
Is 162133584937 composite?
False
Is 198160927 a prime number?
True
Is 3650726869 a prime number?
True
Is 698796019 a composite number?
True
Is 175573571 a prime number?
False
Is 45219704603 composite?
False
Is 7698120721 composite?
True
Is 54743399779 a prime number?
False
Is 58709719039 a prime number?
True
Is 44809879391 a composite number?
False
Is 2480460643 composite?
False
Is 7786749371 a composite number?
True
Is 12409164641 composite?
True
Is 571293461 composite?
True
Is 4550093041 composite?
True
Is 3601967933 composite?
False
Is 205354786099 composite?
False
Is 5191393013 a composite number?
False
Is 14611202167 a composite number?
True
Is 385954781 composite?
False
Is 710727227 composite?
True
Is 10798319083 prime?
True
Is 454991857 a composite number?
False
Is 914000471 composite?
False
Is 174702509 a composite number?
False
Is 16095314149 a prime number?
False
Is 2428493863 a prime number?
True
Is 410230109 composite?
False
Is 9916523809 composite?
True
Is 33232546309 a prime number?
True
Is 17516963941 a prime number?
False
Is 49751400107 composite?
True
Is 32161409587 a prime number?
True
Is 29543566669 a composite number?
False
Is 1247920603 composite?
True
Is 3468772397 a prime number?
True
Is 1750916059 a prime number?
True
Is 16088249249 a composite number?
False
Is 149276651 composite?
True
Is 2201677703 a prime number?
True
Is 1958154851 a prime number?
True
Is 936627737 composite?
False
Is 1781673941 a composite number?
False
Is 7020749347 a prime number?
True
Is 46843360973 prime?
True
Is 1723637593 prime?
True
Is 52272441733 prime?
True
Is 2070384853 a composite number?
False
Is 63038592299 a composite number?
False
Is 27359220029 a prime number?
True
Is 926753089 a prime number?
True
Is 3451398661 composite?
False
Is 111514652201 prime?
True
Is 29249844149 composite?
True
Is 10150983307 a composite number?
True
Is 3462292073 a composite number?
False
Is 3831043673 composite?
True
Is 655594413 prime?
False
Is 9856253009 composite?
False
Is 10919939 a composite number?
False
Is 305909003 composite?
False
Is 17989195759 a prime number?
True
Is 173348321 a composite number?
False
Is 4919987591 composite?
True
Is 125020451197 composite?
True
Is 627613619 a composite number?
False
Is 616759067 a prime number?
False
Is 1081534303 composite?
False
Is 82467483407 a composite number?
True
Is 23799158627 prime?
False
Is 4627099691 a composite number?
False
Is 75846641 a composite number?
True
Is 219166679 a prime number?
True
Is 97932333727 a prime number?
True
Is 26269440481 prime?
False
Is 1361215577 a composite number?
False
Is 29449596389 a prime number?
False
Is 1508170073 a composite number?
False
Is 106804135 prime?
False
Is 26037341501 a prime number?
True
Is 3007538519 composite?
True
Is 114488551 composite?
True
Is 44936652491 a composite number?
False
Is 367942877 composite?
True
Is 18526346431 composite?
False
Is 14248976809 a prime number?
True
Is 8186848793 prime?
True
Is 697532497 a composite number?
False
Is 2696766389 a composite number?
True
Is 37707272323 a prime number?
False
Is 4686338597 a composite number?
False
Is 7404134167 prime?
True
Is 971584349 a composite number?
False
Is 922785403 composite?
False
Is 1826472887 a composite number?
True
Is 57612872701 composite?
True
Is 63049369517 composite?
True
Is 22937723969 composite?
False
Is 5033441159 a composite number?
False
Is 3318446247 prime?
False
Is 110827929241 a composite number?
False
Is 5507124913 a composite number?
True
Is 5616158017 prime?
True
Is 65024679347 a composite number?
True
Is 852989989 a composite number?
True
Is 1230943921 prime?
False
Is 18507115021 a composite number?
True
Is 264609031 prime?
False
Is 32862641837 a composite number?
True
Is 1342848739 composite?
True
Is 511872511 a composite number?
False
Is 4269296251 prime?
False
Is 678508339 a composite number?
False
Is 746335999 a prime number?
True
Is 82973563 a composite number?
False
Is 10720166489 a composite number?
False
Is 4220838667 a composite number?
False
Is 20465737 composite?
True
Is 4741402471 composite?
True
Is 1700655457 prime?
False
Is 142478251151 a prime number?
True
Is 155131939691 a prime number?
False
Is 2362092242 composite?
True
Is 5734822081 prime?
True
Is 1077251863 a composite number?
True
Is 3390933371 a composite number?
True
Is 2403942767 composite?
False
Is 4121492819 prime?
True
Is 12138977153 a composite number?
False
Is 38858169473 prime?
True
Is 82876825793 prime?
False
Is 44174314553 prime?
True
Is 35659338971 a prime number?
True
Is 1442139533 a composite number?
False
Is 367060819 composite?
True
Is 10445902529 a prime number?
True
Is 274314163 a composite number?
True
Is 8203357147 a prime number?
True
Is 1573501457 a composite number?
True
Is 855772517 composite?
False
Is 1779738817 prime?
True
Is 2675878487 a composite number?
False
Is 21266111791 composite?
False
Is 14740783627 prime?
True
Is 307113614 a prime number?
False
Is 683081803 a prime number?
True
Is 1584163069 a composite number?
False
Is 6994123817 prime?
True
Is 5294847 a composite number?
True
Is 3738100849 composite?
True
Is 21637477229 a prime number?
False
Is 50811591443 composite?
True
Is 7665296833 a prime number?
True
Is 6214918607 composite?
False
Is 6328121021 prime?
False
Is 2161356803 a prime number?
True
Is 2752037857 composite?
True
Is 1367865257 a composite number?
True
Is 1390658861 prime?
True
Is 443783341 a prime number?
True
Is 582844513 composite?
True
Is 1040097361 a prime number?
False
Is 186896774819 prime?
True
Is 302249177 a prime number?
True
Is 680536037 prime?
False
Is 1488937589 composite?
False
Is 4982026351 composite?
False
Is 1973231177 prime?
True
Is 25138391 a composite number?
False
Is 5625287677 prime?
True
Is 728117833 a prime number?
False
Is 1027089773 a prim